by 15?
12
Suppose 3*p - 2*p - 51 = 0. What is the remainder when p is divided by 6/(-4) + (-38)/(-4) + 3?
7
Suppose 2*q = q + 76. Calculate the remainder when q is divided by -11*(1 - 0 - 2).
10
Let v(z) = -24*z**2 - 2*z + 2. Let t be v(1). Calculate the remainder when 51 is divided by 40/3 - (-8)/t.
12
Let n(r) = 5*r**2 + 7*r - 4. Calculate the remainder when n(5) is divided by 6/(-9)*(-318)/4.
50
Let c = -141 - -227. Let j = -58 + c. What is the remainder when j is divided by (2/(-3))/(4*4/(-240))?
8
Suppose 654 - 43 = 13*j. What is the remainder when j is divided by 14?
5
Let l = -31 + 52. Suppose -4*g + 5*f + 123 = 0, 4*g - 4*f = -g + 165. What is the remainder when g is divided by l?
16
Let o = 7 - 15. Let f = -17 - o. What is the remainder when 2/f - (-263)/9 is divided by 16?
13
Let f(z) = -60*z**2 + 364*z - 4. Let r(j) = 3*j**2 - 9*j + 3. What is the remainder when r(6) is divided by f(6)?
17
Let n(x) = x**3 + 11*x**2 + 10*x + 2. Let o = 30 - -3. What is the remainder when o is divided by n(-10)?
1
Let b(l) = -22*l**3 - l**2 - 2*l - 1. Let a = 29720 - 29656. What is the remainder when a is divided by b(-1)?
20
Let y(f) = 4*f**2 + 27*f - 7. Let b(g) = -g**2 - 9*g + 2. Let r(t) = -7*b(t) - 2*y(t). Calculate the remainder when 111 is divided by r(7).
13
Suppose 11 - 109 = 7*j. Let a(v) = -5*v - 43. What is the remainder when 78 is divided by a(j)?
24
Let j(i) = i**3 - i**2 - 7*i + 9. Calculate the remainder when 50 is divided by j(3).
2
Suppose 3*l = -189 + 198. Calculate the remainder when 47 is divided by l.
2
Let u = 1215 - -103. What is the remainder when u is divided by 15?
13
Let k = 25 - 21. Calculate the remainder when 65*3/(30/k) is divided by 7.
5
Calculate the remainder when 144 is divided by (15 - 18)/(6/(-74)).
33
Let g(c) = -c**2 + 7*c. Let d be g(7). Let x = d + 18. Calculate the remainder when 105 is divided by x.
15
Calculate the remainder when 124 is divided by ((-35)/20)/((-145)/36 - -4).
61
Let j(y) = 4*y**2 - 8*y - 6. Let z(q) = -3*q**2 + 7*q + 5. Let o(g) = 2*j(g) + 3*z(g). Let s = 2990 - 2965. What is the remainder when s is divided by o(4)?
4
Let i(n) = -n**2 - n + 7. Let j be i(-3). Calculate the remainder when (4*-43 + j)*-1 is divided by 58.
55
Let v(z) = z**2 - 31*z + 90. Calculate the remainder when 66 is divided by v(29).
2
Let v(a) = -95*a - 68. Calculate the remainder when 204 is divided by v(-1).
15
Let t be (-64)/(-28) + (-4)/14. Suppose 4*g + 6*r - 528 = 2*r, -131 = -g - t*r. Calculate the remainder when g is divided by 34.
31
Let x = -25 + 28. Suppose -t + 68 = 4*c + x*t, -69 = -5*c + 3*t. What is the remainder when c is divided by 8?
7
Suppose 11*b - 390 = -5*s + 10*b, -5*b - 25 = 0. Let o = -6 + 22. Calculate the remainder when s is divided by o.
15
Let y(h) = -h**3 - 23*h**2 + 25*h + 29. Let u be y(-24). Let c = u + -1. What is the remainder when 19 is divided by c?
3
Let p = -54 - -70. Let d(k) = k**2 + 2*k. Let c be d(-2). Suppose c = -3*x + 162 + 21. What is the remainder when x is divided by p?
13
Let r = 15 + -11. Let f(d) = 3*d**2 + 38*d + 29. Let z be f(-12). Suppose 17 = z*p - r*p. Calculate the remainder when p is divided by 10.
7
Suppose 8*k - 1153 = -233. What is the remainder when k is divided by 30?
25
Let f = -765 - -896. Calculate the remainder when f is divided by 40.
11
Let y(z) = 8*z - 153. What is the remainder when 136 is divided by y(24)?
19
Let m(y) = -y**3 - 17*y**2 + 34*y + 38. Suppose -54 + 210 = 4*l. What is the remainder when m(-19) is divided by l?
36
Let u = -809 + 1183. What is the remainder when u is divided by 77?
66
Suppose 129 - 51 = 6*v. What is the remainder when 206 is divided by v?
11
Suppose 10*s - 13*s + 33 = 0. Suppose 10*r - s*r = -3. Calculate the remainder when 11 is divided by r.
2
Suppose -3*j - 12 = 0, -5*z = 3*j + 5 - 63. What is the remainder when 301 is divided by z?
7
What is the remainder when 4/(-10) - 167/(-5) is divided by 1 + -2 + 5 - (26 - 34)?
9
Suppose 2*d + 31 = 35. What is the remainder when d - (0/(-3) + -40) is divided by 11?
9
Let r be (-15)/6*(-24)/20. Suppose -u + 0*a - r = 2*a, -2*u + a = -19. Calculate the remainder when ((-22)/(-12))/(18/(-54))*-2 is divided by u.
4
Suppose -3*l + 6 = 0, -2*b - 3*b - 13 = -4*l. Calculate the remainder when -4 + (b - -4) + 30 is divided by 17.
12
Suppose -4292 = -67*x + 38*x. Calculate the remainder when 287 is divided by x.
139
Let h(y) = 2*y - 8. Suppose -78 - 154 = -8*p. Calculate the remainder when p is divided by h(8).
5
Suppose -l = -4*t + 22, 16 = 3*t - l - 0*l. Calculate the remainder when 111 is divided by t.
3
Let x be -1 + 0 - 1 - -6. Let v be 60 + x + 0 + -2. Calculate the remainder when v/4 - (-1)/2 is divided by 5.
1
Let k(m) = -53*m - 22. What is the remainder when 477/6 - 15/(-10) is divided by k(-1)?
19
Let s = -1818 + 1823. Calculate the remainder when 70 is divided by s.
0
Suppose -579*t + 591 = -576*t. Calculate the remainder when t is divided by 20.
17
Let w be (-4)/(-10) - (-194)/(-10). Let d = w - -42. Suppose 0*v - 4*x - 205 = -3*v, 4*v - 264 = -4*x. Calculate the remainder when v is divided by d.
21
What is the remainder when 68 is divided by 27 - ((12 - 11) + (-8 - -1))?
2
Let j(m) = -m**3 + 32*m**2 + 69*m - 18. Calculate the remainder when 271 is divided by j(34).
15
Suppose -5*s + n = -10 - 0, 23 = s + 4*n. Let p(i) = 2*i + 1. Let k be p(s). Let m(v) = 6*v - 9. Calculate the remainder when m(k) is divided by 9.
6
Let c = 358 + -346. What is the remainder when 131 is divided by c?
11
Let w(l) = -l**3 - 7*l**2 + l + 7. Suppose 20 = -4*r - 2*d, -5*d = 2*r - 9 + 3. Let t be w(r). Let c = 3 - t. Calculate the remainder when c is divided by 2.
1
Let m(i) = -15*i + 3. Let o be m(1). What is the remainder when (-3 + -1)/(o/78) is divided by 14?
12
Suppose 5*l + 3*w - 557 = 0, 5*l - 537 = -w + 3*w. Suppose x + l = 2*g, g - 42 = -x + 4*x. Let v = 30 + -10. Calculate the remainder when g is divided by v.
17
Let p = -983 + 1377. What is the remainder when p is divided by 101?
91
Suppose 5*f - 4 = 16. Suppose -67*a = -36*a - 682. What is the remainder when a is divided by f?
2
Suppose -3*r - 119 = -4*c, 56*r = -5*c + 55*r + 125. Calculate the remainder when c is divided by -10*(-2)/(4/2).
6
Let l = 9 - 11. Let c be 26*(20/(-8) - l). Let j = c + 18. Calculate the remainder when 29 is divided by j.
4
Let a = 35 + -31. Calculate the remainder when 38/a - (-2)/(-4) is divided by 3.
0
Let m = -814 - -863. What is the remainder when 242 is divided by m?
46
Calculate the remainder when 51 is divided by 6/(-18)*-2*36/3.
3
Let g = -157 - -239. Suppose -z - 114 = -3*w - w, w + 4*z - 20 = 0. Calculate the remainder when g is divided by w.
26
Suppose -4*b = -2*b - 54. Let q be ((-130)/30)/(1/(-3)). Let z = 27 - q. Calculate the remainder when b is divided by z.
13
Suppose 5*j = 5*u + 810, 8*u - 801 = -5*j + 4*u. Calculate the remainder when j is divided by 40.
1
What is the remainder when 48 is divided by (12/(-45))/((-2)/(-5))*-6?
0
Let h = -71 + 105. What is the remainder when 130 is divided by h?
28
Suppose 0 = -4*s + 48 + 20. Let f = 38 - s. What is the remainder when f is divided by 8?
5
Let c = -6 + 16. Suppose 11*v = 600 - 193. Calculate the remainder when v is divided by c.
7
Calculate the remainder when 78 is divided by (-1 - 6)*(-12 - -9).
15
Let s = 276 - 234. Calculate the remainder when s is divided by 17.
8
Let s = 1044 - 997. Calculate the remainder when (1 - 0)/((-1)/(-137)) is divided by s.
43
Let g(y) = y**3 + 6*y**2 + 6*y - 3. Let u be g(-5). Let q = 14 + u. Let f = 3923 - 3902. What is the remainder when f is divided by q?
3
Let h be ((-8)/6)/((-2)/(-27)). Suppose -4*b + 63 = 179. Let n = h - b. What is the remainder when n is divided by 6?
5
Suppose 4*z = 6*z. Suppose u - 33 - 63 = z. Let p = u + -46. What is the remainder when p is divided by 17?
16
Let b = -13 + -8. Suppose 0*n + 4*m = -n + 31, -3*n + 5*m + 59 = 0. Calculate the remainder when (90/b)/(1/(-21)) is divided by n.
21
Calculate the remainder when ((-2254)/(-69) + -11)/(2/12) is divided by 129.
1
Let r = -61 - -105. Suppose 3*p = 2*h + r, -h - 6 = -4*h. Calculate the remainder when p is divided by 4.
0
Let q = 61 - 22. Calculate the remainder when q is divided by (-2)/5 - 2040/(-100).
19
Suppose -52 = -3*a - 